, 2161
List the prime factors of 1396.
2, 349
List the prime factors of 25834.
2, 12917
What are the prime factors of 2002?
2, 7, 11, 13
What are the prime factors of 495?
3, 5, 11
What are the prime factors of 161507?
161507
List the prime factors of 517.
11, 47
List the prime factors of 6643.
7, 13, 73
List the prime factors of 186.
2, 3, 31
What are the prime factors of 119178?
2, 3, 2207
List the prime factors of 2119.
13, 163
What are the prime factors of 69992?
2, 13, 673
List the prime factors of 2341.
2341
List the prime factors of 3469.
3469
List the prime factors of 77020.
2, 5, 3851
What are the prime factors of 3754?
2, 1877
List the prime factors of 951.
3, 317
List the prime factors of 8997.
3, 2999
What are the prime factors of 233?
233
List the prime factors of 1000.
2, 5
What are the prime factors of 1952?
2, 61
What are the prime factors of 160?
2, 5
What are the prime factors of 606?
2, 3, 101
List the prime factors of 959.
7, 137
List the prime factors of 7993.
7993
What are the prime factors of 8984?
2, 1123
What are the prime factors of 3939?
3, 13, 101
List the prime factors of 1151.
1151
What are the prime factors of 1356?
2, 3, 113
List the prime factors of 76042.
2, 193, 197
List the prime factors of 6929.
13, 41
What are the prime factors of 1785?
3, 5, 7, 17
What are the prime factors of 2624?
2, 41
List the prime factors of 678.
2, 3, 113
What are the prime factors of 43494?
2, 3, 11, 659
What are the prime factors of 2883?
3, 31
List the prime factors of 15912.
2, 3, 13, 17
List the prime factors of 7572.
2, 3, 631
What are the prime factors of 17042?
2, 8521
What are the prime factors of 1449?
3, 7, 23
What are the prime factors of 3633?
3, 7, 173
What are the prime factors of 3039?
3, 1013
List the prime factors of 1065.
3, 5, 71
List the prime factors of 44064.
2, 3, 17
List the prime factors of 492.
2, 3, 41
List the prime factors of 90319.
181, 499
What are the prime factors of 8079?
3, 2693
What are the prime factors of 4530?
2, 3, 5, 151
List the prime factors of 90313.
90313
List the prime factors of 76395.
3, 5, 11, 463
List the prime factors of 12410.
2, 5, 17, 73
List the prime factors of 40.
2, 5
What are the prime factors of 2745?
3, 5, 61
List the prime factors of 23624.
2, 2953
List the prime factors of 2065.
5, 7, 59
List the prime factors of 6720.
2, 3, 5, 7
What are the prime factors of 71559?
3, 7951
What are the prime factors of 1047?
3, 349
What are the prime factors of 1015?
5, 7, 29
List the prime factors of 19136.
2, 13, 23
List the prime factors of 55572.
2, 3, 11, 421
What are the prime factors of 2674?
2, 7, 191
List the prime factors of 866.
2, 433
List the prime factors of 4230.
2, 3, 5, 47
What are the prime factors of 5212?
2, 1303
What are the prime factors of 685?
5, 137
List the prime factors of 355.
5, 71
What are the prime factors of 3752?
2, 7, 67
What are the prime factors of 36050?
2, 5, 7, 103
What are the prime factors of 1367?
1367
List the prime factors of 126.
2, 3, 7
What are the prime factors of 80213?
7, 1637
List the prime factors of 1783.
1783
List the prime factors of 20900.
2, 5, 11, 19
What are the prime factors of 117?
3, 13
What are the prime factors of 2687?
2687
What are the prime factors of 130?
2, 5, 13
List the prime factors of 562.
2, 281
What are the prime factors of 201?
3, 67
What are the prime factors of 16934?
2, 8467
What are the prime factors of 121025?
5, 47, 103
List the prime factors of 2053.
2053
List the prime factors of 7235.
5, 1447
What are the prime factors of 7543?
19, 397
What are the prime factors of 7641?
3, 283
List the prime factors of 108455.
5, 109, 199
What are the prime factors of 43244?
2, 19, 569
List the prime factors of 242.
2, 11
What are the prime factors of 455?
5, 7, 13
What are the prime factors of 14339?
13, 1103
List the prime factors of 1761.
3, 587
List the prime factors of 7255.
5, 1451
List the prime factors of 648.
2, 3
What are the prime factors of 49807?
49807
List the prime factors of 51.
3, 17
What are the prime factors of 66494?
2, 33247
List the prime factors of 34808.
2, 19, 229
List the prime factors of 35336.
2, 7, 631
What are the prime factors of 147?
3, 7
What are the prime factors of 22014?
2, 3, 1223
List the prime factors of 8241.
3, 41, 67
List the prime factors of 60074.
2, 7, 613
What are the prime factors of 104161?
104161
List the prime factors of 44923.
167, 269
What are the prime factors of 722?
2, 19
What are the prime factors of 1415?
5, 283
List the prime factors of 22500.
2, 3, 5
What are the prime factors of 1377?
3, 17
List the prime factors of 11772.
2, 3, 109
List the prime factors of 1508.
2, 13, 29
What are the prime factors of 170?
2, 5, 17
What are the prime factors of 14225?
5, 569
List the prime factors of 32816.
2, 7, 293
List the prime factors of 4570.
2, 5, 457
What are the prime factors of 612?
2, 3, 17
List the prime factors of 1541.
23, 67
What are the prime factors of 856?
2, 107
What are the prime factors of 3054?
2, 3, 509
List the prime factors of 50456.
2, 7, 17, 53
What are the prime factors of 25252?
2, 59, 107
What are the prime factors of 39380?
2, 5, 11, 179
List the prime factors of 568.
2, 71
What are the prime factors of 13534?
2, 67, 101
What are the prime factors of 2417?
2417
What are the prime factors of 31837?
13, 31, 79
What are the prime factors of 22197?
3, 7, 151
What are the prime factors of 1289?
1289
What are the prime factors of 3704?
2, 463
What are the prime factors of 8567?
13, 659
List the prime factors of 6150.
2, 3, 5, 41
What are the prime factors of 15573?
3, 29, 179
What are the prime factors of 105831?
3, 11, 1069
List the prime factors of 8794.
2, 4397
What are the prime factors of 45?
3, 5
List the prime factors of 675.
3, 5
List the prime factors of 4614.
2, 3, 769
What are the prime factors of 5265?
3, 5, 13
What are the prime factors of 5087?
5087
List the prime factors of 2046.
2, 3, 11, 31
List the prime factors of 6249.
3, 2083
What are the prime factors of 5538?
2, 3, 13, 71
List the prime factors of 2166.
2, 3, 19
What are the prime factors of 1091?
1091
What are the prime factors of 1936?
2, 11
What are the prime factors of 311?
311
What are the prime factors of 16780?
2, 5, 839
List the prime factors of 50.
2, 5
List the prime factors of 37031.
19, 1949
What are the prime factors of 3194?
2, 1597
What are the prime factors of 1725?
3, 5, 23
List the prime factors of 24454.
2, 12227
List the prime factors of 674.
2, 337
What are the prime factors of 309?
3, 103
List the prime factors of 707.
7, 101
What are the prime factors of 847?
7, 11
What are the prime factors of 1577?
19, 83
What are the prime factors of 142875?
3, 5, 127
What are the prime factors of 1235?
5, 13, 19
What are the prime factors of 5917?
61, 97
What are the prime factors of 5920?
2, 5, 37
List the prime factors of 4063.
17, 239
What are the prime factors of 5807?
5807
List the prime factors of 584.
2, 73
List the prime factors of 6644.
2, 11, 151
List the prime factors of 42706.
2, 131, 163
What are the prime factors of 45306?
2, 3, 839
List the prime factors of 80544.
2, 3, 839
List the prime factors of 2474.
2, 1237
What are the prime factors of 922?
2, 461
What are the prime factors of 42337?
42337
What are the prime factors of 1355?
5, 271
List the prime factors of 7660.
2, 5, 383
List the prime factors of 147.
3, 7
What are the prime factors of 78035?
5, 15607
What are the prime factors of 7004?
2, 17, 103
List the prime factors of 3067.
3067
What are the prime factors of 819?
3, 7, 13
What are the prime factors of 959?
7, 137
What are the prime factors of 74760?
2, 3, 5, 7, 89
List the prime factors of 8442.
2, 3, 7, 67
What are the prime factors of 42584?
2, 5323
What are the prime factors of 520?
2, 5, 13
What are the prime factors of 73884?
2, 3, 47, 131
List the prime factors of 46784.
2, 17, 43
What are the prime factors of 13371?
3, 4457
What are the prime factors of 2900?
2, 5, 29
What are the prime factors of 29384?
2, 3673
What are the prime factors of 7058?
2, 3529
List the prime factors of 2678.
2, 13, 103
List the prime factors of 41964.
2, 3, 13, 269
List the prime factors of 4155.
3, 5, 277
List the prime factors of 75710.
2, 5, 67